-2*u + j = u + 5*h. What is the remainder when u is divided by (-1)/(-1*(-2)/(-24))?
11
Suppose -3*t - h + 74 = 0, -h = 2*h - 6. Calculate the remainder when 70 is divided by t.
22
Let i(d) = d**2 - 5*d - 6. Let m(l) = -4*l - 5. Let z(n) = 3*i(n) - 4*m(n). Let j be 7/4 + 1/4. What is the remainder when 31 is divided by z(j)?
15
Let o(i) = i + 16. What is the remainder when o(8) is divided by 14?
10
Let f(l) = -l**2 + 24*l - 2. What is the remainder when f(12) is divided by 29?
26
Let l(q) = q**2 - 5*q + 3. Let x(a) = a - 12. Calculate the remainder when x(20) is divided by l(5).
2
What is the remainder when (4 - 1 - 49)/(-2) is divided by (-1 - 0 - 0) + 13?
11
Let q be (-15)/10 + (-342)/(-4). Suppose -4*f - 4*t = -q, 0*t + 96 = 4*f + t. What is the remainder when 73 is divided by f?
23
Suppose -3*a + 3 + 3 = 0. Suppose 0 = a*d + 3*z - 60, 5*d + 4*z = -z + 145. What is the remainder when 73 is divided by 2/(-9) - (-681)/d?
23
Let q(f) = -16*f + 23. What is the remainder when q(-3) is divided by (1*18/1)/1?
17
Calculate the remainder when (9/3)/((-3)/(-53)) is divided by 28.
25
Let t be -2*(0 + -1)*1. Let q(a) = -a + 2. Let u be q(-7). Suppose t*n - u = n. Calculate the remainder when 17 is divided by n.
8
Suppose 2*m - 5*m + 57 = 0. Suppose -35 = -0*z - 5*z. What is the remainder when m is divided by z?
5
Suppose 0 = -4*f + 3*f. Suppose 3*a + k - 4*k = 24, -3*k - 9 = f. Calculate the remainder when 8 is divided by a.
3
Let v(u) = -u**2 - 6*u + 2. Let o be v(-6). Suppose 0*g = o*g - 26. Suppose 5 = -t + 2*t. What is the remainder when g is divided by t?
3
Suppose 4*m - 2 = 2*d - 26, -5*m = 3*d - 80. Let c = -15 + d. Calculate the remainder when 19 is divided by c.
4
What is the remainder when ((-22)/(-4))/(5/10) is divided by 6?
5
Suppose -5*o - 3*u = 208, -3*o + 4*u - 104 = -o. Let n = -23 - o. Calculate the remainder when 40 is divided by n.
19
Suppose 3*b - 14 = -5*g - 2, 0 = b + 1. Let d(w) = -w**3 - 5*w**2 - 11*w - 12. Calculate the remainder when g is divided by d(-3).
0
Let r = -3 - -4. Let a(p) = -8*p - 8. Let m(v) = 1. Let c(f) = r*a(f) + 8*m(f). What is the remainder when c(-4) is divided by 17?
15
Suppose 45 = b + 11. What is the remainder when 67 is divided by b?
33
Suppose -4*d = -d - 45. Let u be -10*(42/d - 2). Let r = u + 18. Calculate the remainder when 17 is divided by r.
7
Let b(k) = 2*k**2 + 3*k + 2. Let s be b(-4). Suppose -s = -3*m + i, m - 5*i = -2 - 0. What is the remainder when 14 is divided by m?
6
Suppose 0 = -4*t + 36 + 4. Calculate the remainder when t is divided by 5.
0
Suppose u - 15 = 2*n, u - 10 = 4*n + 1. Calculate the remainder when 35 is divided by u.
16
Let u(r) = -r**3 + 4*r**2 + 12*r - 4. What is the remainder when u(5) is divided by 11?
9
Let l = 76 - 140. Let a = -14 - l. What is the remainder when a is divided by 17?
16
Let s = -5 + 21. Calculate the remainder when 28 is divided by s.
12
Suppose 4*d - d = -21. Let t = d - -8. Calculate the remainder when t is divided by 1.
0
Calculate the remainder when 54 is divided by ((-108)/(-20) + 3)/(3/10).
26
Let v = -8 + 29. Calculate the remainder when 81 is divided by v.
18
Suppose u - 32 = -r, -3*u - 176 = -8*u + 3*r. Let h(f) = f**2 + 3*f - 16. What is the remainder when u is divided by h(-7)?
10
Suppose 4*o = 5*j - 99, 4*o + 12 + 18 = 2*j. Calculate the remainder when 54 is divided by j.
8
Let c(h) = -h**2 + 8. Suppose -5*n - 10 = -2*t - 2*t, 4*n + 4*t = 28. Suppose 0*b = -n*b. Calculate the remainder when 22 is divided by c(b).
6
Let r be (-33)/12 - 4/16. Let y be 39/(-4) - r/(-12). Calculate the remainder when 5/y - (-57)/2 is divided by 15.
13
Suppose l + 4*r - 64 = 0, r = -2*l - 0*r + 100. Calculate the remainder when l is divided by 25.
23
Let p(a) = -2*a + 2. Calculate the remainder when 78 is divided by p(-9).
18
Let p = 5 - 1. Let j(m) = m**3 + 6*m**2 - m - 8. Let f be j(-6). Let o(h) = 2*h**2 - 2*h - 2. Calculate the remainder when o(f) is divided by p.
2
Let d(y) = y**2 + 9*y. Calculate the remainder when 48 is divided by d(-10).
8
Let s(u) be the first derivative of u**4/4 - u**3 - 2*u**2 - 2*u + 1. Calculate the remainder when s(5) is divided by 15.
13
Let t = -2 + 56. Calculate the remainder when t is divided by ((-10)/(-4) - -1)*4.
12
What is the remainder when (-275)/(-2) + 1 - (-11)/22 is divided by 28?
27
Let j(v) = v - 3. Let i be j(3). Suppose -u + 46 = -4*n, i = 4*u - 2*u + 3*n - 70. What is the remainder when u is divided by 13?
12
Suppose -71 + 311 = 5*u. What is the remainder when u is divided by 25?
23
Let c(m) be the second derivative of m**3/3 - m**2 + 3*m. Calculate the remainder when 15 is divided by c(4).
3
Suppose -32 = -2*c - 5*d, 4*c - d + 36 = 122. Let m = c - 2. Suppose -62*y + 10 = -61*y. What is the remainder when m is divided by y?
9
Let i = 0 + 2. Suppose 20 = -5*v, i*q - v - 4 = 6. What is the remainder when q is divided by 2/(-5) + (-48)/(-20)?
1
Let k be 2*4*2/2. Let w = 26 - 15. Suppose l - w = k. What is the remainder when 56 is divided by l?
18
Suppose -3*a = -8*a + 20. Suppose a*v - 176 = -4*d, -2*d = -3*v - 113 + 30. Suppose -4*x + 30 = -2*x. What is the remainder when d is divided by x?
13
Suppose 5*w - 5*g - 165 = 0, -2*w + 2*g + 2*g = -72. What is the remainder when 178 is divided by w?
28
Let r = -38 + 126. Suppose 2*i - y - r = -i, y + 59 = 2*i. Suppose -3 - 7 = -c. What is the remainder when i is divided by c?
9
Let u(r) = r**2 + 9*r - 7. Let d be u(-7). Let t = d + 35. Suppose 4*s + 2*h - 166 = 0, -112 = -6*s + 3*s + h. Calculate the remainder when s is divided by t.
11
Suppose 4*u = -2*m + 196, 4*u + 3*m - 67 = 125. Let o = -33 + u. Let f(c) = c**3 - 20*c**2 - 20*c - 11. What is the remainder when o is divided by f(21)?
8
Let y be 745/(-20) + (-1)/(-4). Let v = -20 - y. Calculate the remainder when v is divided by 9.
8
Suppose -3*q = -s - 8*q + 38, -3*s + q + 50 = 0. Let t(n) = -7*n + 4. Let r be t(4). Let j = 29 - r. Calculate the remainder when j is divided by s.
17
Suppose -4*y = -4*g + 4, 4 = 4*g + 3*y - 0. Let c(z) be the third derivative of 11*z**4/12 - z**3/6 + z**2. What is the remainder when c(g) is divided by 11?
10
Suppose 4*y = 2 + 70. What is the remainder when 43 is divided by y - 1 - (-8)/(-4)?
13
Suppose 5*m = 2*s - 15, -s - 2*m + 1 = 2*m. Calculate the remainder when s is divided by 3.
2
Let x(a) = a**3 + 7*a**2 + 5*a + 6. Calculate the remainder when (-90)/(-4) - 3/(-6) is divided by x(-6).
11
Suppose 7*b - 27 = 4*b. Let l be -1*(1/(-1) + 12). Let k = l + 17. Calculate the remainder when b is divided by k.
3
Let v(o) = -10*o + 1. Let t be v(-4). Let f = t + -22. What is the remainder when f is divided by 7?
5
Let a = 43 - -1. Let t = a + -24. Calculate the remainder when t is divided by 7.
6
Let o be 3/((-3)/(-2)) - 5. Suppose -3*u = -3*j + 79 + 50, -3*j + 2*u = -125. What is the remainder when j + o/(-2 - 1) is divided by 14?
12
Let q(v) = -v**3 + v**2 + v + 10. Suppose g + 12*g = 377. What is the remainder when g is divided by q(0)?
9
Let b = 7 + -7. Suppose 2*t - 4*t + 2 = b. What is the remainder when (-2)/3 + 20/12 is divided by t?
0
Suppose -3*p - 5*d + 29 = -2*p, -2*p + 30 = 3*d. Let q be (-987)/(-12) + (-2)/8. Suppose -3*a = -q + 34. Calculate the remainder when a is divided by p.
7
Let p = -184 - -191. Calculate the remainder when 7 is divided by p.
0
Let g = -77 - -83. Calculate the remainder when g is divided by 4.
2
Calculate the remainder when ((-47)/3)/((-6)/18) is divided by 12.
11
Let p = 10 - 5. Suppose 0 = p*s + x + 4*x - 190, -4*s = 5*x - 156. Suppose 5*i - 20 = 0, 3*i = -5*k + 3*k + 36. Calculate the remainder when s is divided by k.
10
Suppose 34 - 10 = 4*o. Let d be (2 - 1/1)*3. Suppose v - 5*g = 0, v - 1 = d*g + 3. Calculate the remainder when v is divided by o.
4
Let c be 58 + 1/((-3)/6). Let v = -38 + c. Let j = -6 - -58. Calculate the remainder when j is divided by v.
16
Let f be (-1)/(2/10)*-1. Suppose -a - 4*l - 14 = 6, -f*a - 16 = -l. Calculate the remainder when (15 - 1) + a/(-2) is divided by 6.
4
Let k(o) = -o**2 - 7*o - 7. Let c be k(-5). Calculate the remainder when 2/c*123/2 is divided by 14.
13
Let g(l) = l + 5. Let x be g(-4). Let b(d) = 3*d + 3*d**2 - x + 1 - 1. Calculate the remainder when b(2) is divided by 9.
8
Let x = 48 + -26. Suppose 40 = 